932)/(72/(-6)) + 18 prime?
True
Let y(b) = 1511*b**2 + 27*b + 129. Is y(-10) composite?
False
Suppose 5*r + 18 = -3*n + 3*r, -3*n = -r + 9. Let z be (-2 + 0)/(n/54). Let h = z - -174. Is h prime?
False
Is ((-6194272)/21 - 17)/((-2)/6) prime?
False
Let h = 77 - 80. Let t = h - -8. Suppose -t*a + 1798 = -447. Is a a composite number?
False
Let x = 2914 + -7588. Let r = -2365 - x. Is r a prime number?
True
Let k(a) = 1424*a**2 - 1. Let t be (8/10)/((-2)/5)*-2. Suppose 3*w = -3*p, -4*p = -t*w - 0*w + 8. Is k(w) composite?
False
Is (0 + (-1)/2)/((-77)/11775302) composite?
False
Suppose -5*y = -4*z - 478497, -148*y + 153*y + 6*z = 478517. Is y composite?
False
Suppose 5*v - 23477 = -2*w - 2061, -4*v + 4*w + 17144 = 0. Is (-3)/(-15) - (v/(-30) + 4) prime?
True
Let a(j) = 174*j + 31. Let o(g) = -58*g - 10. Let q(f) = 2*a(f) + 7*o(f). Let x be q(4). Let n = -97 - x. Is n prime?
False
Let w be 0*((-26)/(-4) + -7). Suppose w = -a - 4*f + 3861, 2*f + 15200 + 4017 = 5*a. Is a composite?
True
Let m = 6690 - -1813. Is m a composite number?
True
Suppose 57*s = 16776573 + 3786120. Is s a prime number?
True
Let z(a) = -133292*a + 3289. Is z(-17) a composite number?
True
Suppose 4*v = 3*v + 120. Let h = -61 + v. Suppose -h*b + 56*b = -3345. Is b a prime number?
False
Let j be (39/2)/(6/48*-4). Let n = 44 + j. Suppose 0*g - g = 2*m - 1649, g - n*m = 1656. Is g a prime number?
False
Let o = 212411 + 116876. Is o a composite number?
True
Let d(v) = -550*v + 7. Suppose 10*m + 62 - 52 = 0. Is d(m) a prime number?
True
Let v(z) = 12*z**2 - 5 - 7*z**2 - z**2 + 2*z. Let f be v(2). Suppose -f*l + 4794 = -9*l. Is l a prime number?
False
Suppose -75537 + 492163 = 56*z - 143206. Is z composite?
True
Let t(p) = -2210*p + 1413. Is t(-82) prime?
False
Suppose n = 17 - 15. Let c(i) = 172*i**3 - i**2 + 4. Let j be c(n). Let q = j + -907. Is q composite?
True
Let t(o) = 3*o**3 - 3*o - 1. Let h be t(3). Let d = -67 + h. Is d + -4 + 1762 + -3 a composite number?
False
Is 833/714 - 500348/(-24) composite?
False
Let b(p) = -p**3 + 2*p**2 + 18*p - 11. Let l be b(5). Suppose 11 + 310 = 3*z. Is (-4 + 9 - l) + z + 1 a prime number?
True
Suppose 5*w = 3*p + 141321 + 19126, 2*p - 160477 = -5*w. Is w a composite number?
True
Let o = 8538 + -4855. Is o a composite number?
True
Let r(x) = -x**3 + 0*x**3 - 25 + 8*x - 384*x**2 + 412*x**2. Is r(18) prime?
True
Suppose -174*v - 5 = -175*v. Suppose 7*m - 2*o = 2*m + 48445, v*m + 4*o = 48445. Is m composite?
False
Suppose -2*p - 12899 = -8*i + 3*i, -5*p - 12905 = -5*i. Let o = 708 - 708. Suppose o*m + i = m. Is m a prime number?
True
Let w(g) = -8*g**3 - 9*g**2 - 7*g + 24. Let r be w(-5). Let l = 1445 - r. Is l a prime number?
False
Suppose -357869 = -c + 4*n, -4*c + 4*n = 3*n - 1431566. Is c prime?
False
Let d(o) = o**3 - 4*o**2 - 24*o + 24. Let g be d(7). Suppose -9054 = -g*k + 555. Is k a prime number?
True
Is 242546/(-10)*(148 + -153) a prime number?
False
Suppose o - p = 4, -3*p = 11*o - 7*o - 30. Let a(r) = 5465*r + 21. Is a(o) a prime number?
False
Let b be (-32)/(-8) - (-2 + -9). Let n be b/3*5*(-3)/(-15). Is -23*((n - 1) + -8 + 3) a composite number?
False
Suppose 2*j + 2 = 5*m, 0 = m - 5*j + 9 + 9. Suppose 4*h - 2 = m. Is (-1932)/(-12) - 4/h a composite number?
False
Suppose -2*k + 119061 = 5*z - 292926, -4*z = -5*k + 1029951. Is k prime?
True
Suppose 5*v - 36941 = 52074. Is v composite?
True
Let g(w) = 15112*w - 11. Let n be g(-2). Let z = n - -43620. Is z prime?
False
Let r be (-354)/(-45) + (-28)/(-210). Suppose -5*o + r*y - 4*y = -29223, 0 = 4*o - 5*y - 23373. Is o composite?
True
Let k(a) = -a**2 + 20*a + 2. Let s be k(20). Suppose 20 = s*x + 10. Suppose 6*z = 2*z + 8, -3*z + 2771 = x*g. Is g prime?
False
Suppose -1721701 = 14*z - 204605. Is z/(-10) - (-141)/235 a prime number?
True
Let p = -336401 - -506388. Is p a composite number?
False
Let s(x) = 2979*x**2 - 56*x - 564. Is s(-7) a composite number?
False
Let i(c) = 20*c + 3977. Let n(y) = -29*y - 58. Let m be n(-2). Is i(m) composite?
True
Suppose -2*p = -3*k + 3208, -2*p = -3*k + 3*p + 3223. Suppose -2*d + k - 110 = 0. Is d composite?
True
Is ((-148)/333)/(-2) + -2 + (-4902530)/(-18) prime?
False
Suppose -7 = 4*m + 5*c, 14 + 1 = -5*c. Suppose 7569 = 6*y - y - m*q, -2*q = -2*y + 3030. Is y composite?
True
Let k = 176212 - 10511. Is k composite?
False
Let o(d) = 62*d**3 - 2*d**2 - d + 1. Let a(s) = s**3 + s**2 + s. Let x(z) = a(z) + o(z). Is x(2) prime?
False
Suppose -307*s = -276*s - 5216401. Is s composite?
True
Let o be 3/45*6 + 42/(-30). Is (3 - o)/(100/28150) a prime number?
False
Suppose 4*j - 5*h = 104, 10*j + 5*h = 9*j + 1. Is (-270300)/(-80) + j/(-12) a prime number?
False
Let n be ((-3)/4)/((-43)/(-172)) - -18. Is 300162/12 + (2 - n/6) a composite number?
False
Let x be 4 - (-50)/(-13) - (-120)/65. Suppose 4*z = -5*j + 15054, -x = 4*j - 10. Is z a composite number?
False
Let y be (1 - 7)*6/(-12). Suppose 2220 + 8589 = y*d + 4*z, -3*z = -d + 3616. Is d prime?
True
Is (-282)/(-282) - 13933*-66 composite?
True
Let t(r) = -3*r**2 - 23*r + 202. Let i(l) = l**2 + 7*l - 67. Let j(a) = 7*i(a) + 2*t(a). Is j(8) composite?
False
Suppose 16594245 = 2667*i - 2622*i. Is i composite?
True
Let y = 2311 + 1732. Is y composite?
True
Let d be (0 - -788)*3/4. Let o = 333 - 330. Suppose 42 = o*k - d. Is k composite?
False
Suppose 11*x = -10612 + 33723. Suppose 3*d + x - 7228 = 0. Is d prime?
True
Let g(h) = -716*h + 434. Is g(-88) prime?
False
Suppose -2*s - 24747 = 2*m + m, -4*m + 49504 = -4*s. Let w = -4846 - s. Is w a prime number?
True
Suppose -85 + 73 = -3*m. Suppose -m*r + 3*r = 9*r. Suppose r = 7*g - 8*g + 257. Is g a composite number?
False
Suppose 5*h = 2*a + 8073, 4*h - 4341 - 2115 = 4*a. Suppose 3*c - h = -f + 3710, 5*c + 2*f - 8876 = 0. Is c/14 + (-2)/(-7) prime?
True
Is (-378514)/(-5) - ((-117)/9)/65 prime?
True
Let b = 3513 + 3196. Is b a prime number?
True
Let x = -151 + 47. Let o = x - -109. Suppose -b + 5*b - q = 1812, o*b = 3*q + 2258. Is b a composite number?
True
Suppose -6*k + 25 = -k. Suppose k*h = 2*h + 130713. Is h/68 - (-1 - 3/(-4)) a prime number?
True
Let s(a) = -2377*a + 1234. Is s(-61) a composite number?
True
Suppose 3*d = -5*a - 26 - 5, 5*a + 2*d = -29. Let k = 0 - a. Suppose -2*l = -3*q - q - 1818, 2*l - k*q = 1819. Is l composite?
False
Suppose 3*z + 14*z - 2619550 = -82317. Is z prime?
True
Suppose 4*m + 6*l - l - 19 = 0, 25 = 4*m - l. Let j be (-2)/m - ((-245)/15)/7. Is j*((-986)/(-12) - 10/15) a prime number?
True
Let b(z) = 48*z**2 - 9*z + 27. Let x be b(15). Let y = x + -7519. Is y a composite number?
True
Let k = 9890 + 182615. Is k composite?
True
Suppose 0 = -7*a + 5*v + 544322, 41*a - 39*a - 5*v - 155517 = 0. Is a a prime number?
True
Is (-50 - -44878) + (2 + -9 - 2) composite?
False
Let c = -247 + 249. Suppose -y - 497 = -c*y + g, -2016 = -4*y - 3*g. Is y prime?
False
Suppose -10*i + 14*i = -2*h - 16, 5*h = i + 15. Suppose 12 + 4 = 4*l. Suppose 0 = -h*c - l*a + 1104 - 306, -813 = -2*c - a. Is c a prime number?
True
Let q = 46503 - 8704. Is q a composite number?
False
Let v(g) = -5*g**3 + 1. Suppose -2 = -12*a + 10*a. Let k be v(a). Let b(c) = -25*c + 9. Is b(k) a prime number?
True
Let h be 1253/(98/(-14))*(-7)/1. Let q be -6*(1028/(-3))/4. Let x = h - q. Is x prime?
True
Let a be (-1)/(-1)*(9525 + -2). Suppose -23*z + a = -21228. Is z a prime number?
False
Is (19914/8 - -1)/(298/1192) prime?
False
Suppose -31*i = 3*s - 36*i + 291, 4*s = 2*i - 374. Let t = 12279 + s. Is t a prime number?
False
Suppose -q - 2689 = -5*t, q + 1401 = 3*t - 1278. Let p = q - -5963. Is p a prime number?
True
Let o(g) = -15*g**3 - 17*g**2 + 2*g - 6. Let l be o(-22). Is (-201)/(-268) + l/8 a prime number?
False
Let a be -3 + (-17)/(-6) - 1352/(-48). Suppose -a*f = -19*f - 53415. Is f a prime number?
False
Suppose 1373*m - 1369*m = 2218588. Is m a prime number?
False
Let b(n) = -41*n - 1. Let u(t) = 39*t**2 - 6*t + 6. Let w be u(1). Let x = 35 - w. Is b(x) a prime number?
True
Let a be 45/(-3)*2/5. Let c be (a + 8)*(1 - (-15)/2). Is (c/2)/((-18)/(-1044)) prime?
False
Let p = 237 - 436. Let h = 222 + p. Is h prime?
True
Suppose 68*k - 30540 = 73*k. Is 2/(12/(-54) - k/27243) a prime number?
True
Let d(r) = 8642*r**3 + 4*r**2 + 8*r - 11. Is d(3) prime?
False
Is (3 - 32 - 